 is the remainder when 115 is divided by f?
28
Suppose -4*y = 5*t - 35, -4*t + 35 = 5*y - 2. Suppose q = -2*b + 5*b - 142, -137 = -3*b - 4*q. Calculate the remainder when b is divided by y.
2
Let v be ((-12)/(-8) + -1)/((-1)/(-490)). Let z = 357 - v. What is the remainder when z is divided by 57?
55
Let t(u) = 13*u**2 + u - 1. Suppose 6*r = -8 + 2. Calculate the remainder when t(r) is divided by 6.
5
Let g = 157 - 74. Let u = g - 45. Calculate the remainder when 56 is divided by u/4*4/2.
18
Suppose 2*f + 60 = 3*f + 2*y, 2*f - 3*y = 113. Let x = f + -15. Calculate the remainder when x is divided by 16.
11
Let b be (-2 + (2 - 0))/(-3). Suppose -f - 2*t + 13 = b, 3*f + f + 2*t = 34. Calculate the remainder when 18 is divided by f.
4
Let y(g) = 27*g**2 - 76*g - 75. Suppose 0 = v + 3*i + 6, -3 = 3*i + 9. What is the remainder when y(-1) is divided by v?
4
Let c be 0/(2 + -5 - -4). Suppose -5*t = -4*p - 18, 5*p - 33 = -3*t - c*t. Calculate the remainder when 59/4 + 3/12 is divided by t.
3
Suppose 4*l = 10 - 2. Suppose 0 = l*f + 2, 3*u + 4*f = 130 + 55. Calculate the remainder when u is divided by 13.
11
Suppose -l + 4 - 17 = 0. Suppose 0 = 9*q - 7*q - 48. Let w = q + l. Calculate the remainder when 30 is divided by w.
8
Suppose 0 = 5*r + 20, 0*a = 2*a - r - 10. Suppose d = -f + 15, -2*f = -5*d + a*d - 18. Let v = 26 - f. What is the remainder when 54 is divided by v?
12
Calculate the remainder when 8*(-3)/(-228) - 6378/(-57) is divided by 32.
16
Let h = 42 + -20. Suppose 16 = 2*j - 2*x, -3*j = -2*x + 2 - h. What is the remainder when 10 is divided by j?
2
Suppose 0 = g + 3*g + 60. Let z = g - -16. Calculate the remainder when (-2)/z*(-94)/4 is divided by 16.
15
Suppose 2*t - j - 36 = 0, 3*j - 76 = -4*t + 4*j. Let f(a) = -a**2 - 55*a - 145. What is the remainder when t is divided by f(-52)?
9
Let h = -43 + 40. What is the remainder when h*(2/7 + (-1928)/84) is divided by 23?
22
Let s(v) = -v**3 - 24*v**2 + v - 14. Let z be s(-24). Let o = -35 - z. What is the remainder when o is divided by 1?
0
Let u(o) = -5*o - 22. Let r be u(-14). Let s be r*(10/15 - 2). Let n = 106 + s. What is the remainder when n is divided by 15?
12
Calculate the remainder when (-3)/(-15) - 856/(-20) is divided by 32.
11
Suppose 0 = 2*f + 6, 0 = 4*x - f - f - 18. Calculate the remainder when 53 is divided by 5 - 10 - (x + -16).
5
Suppose d - 906 = -d. Suppose -d - 240 = -7*l. What is the remainder when l is divided by 25?
24
Suppose 0 = v + 3*i + 5, -3*v - 2*v + 3*i = -11. Calculate the remainder when ((-1)/v - -11)*4 is divided by 14.
12
Let w = 914 + -911. Suppose -3*q = -7*q + 376. Suppose 19 = -5*h - 5*s + q, -5*s = -4*h + 33. Calculate the remainder when h is divided by w.
0
Suppose 5*z + 2*x + 7 = -54, -3*x = -2*z - 13. Suppose -1 + 5 = -2*y. What is the remainder when 72 is divided by 3 - (4 + y)*z?
22
Suppose 0 = -5*q + 5*b + 155 + 375, -b - 510 = -5*q. Calculate the remainder when q is divided by 35.
31
Let g be (0 + -15)/(2/(-10)). Let x = g - 52. What is the remainder when x is divided by (-208)/(-24)*3/2?
10
Let v be (79 + -1)*(-3)/(-9). Suppose -v = s - 3*s. Suppose t = -0*t + s. Calculate the remainder when t is divided by 5.
3
Let h = 228 - 110. Let x = h + -29. What is the remainder when x is divided by 18?
17
Suppose 34*b + 34*b - 4352 = 0. Calculate the remainder when 697 is divided by b.
57
Let r = 47 - -4. Suppose -4*u + 25 = -r. Calculate the remainder when u is divided by (2/6 - 1) + (-34)/(-6).
4
Let t be (-110)/(-66) - 1/(-3). Let g(d) = -d**3 + 4*d**2 - 3. Let s be g(-4). Suppose -7*j + s = -t*j. Calculate the remainder when j is divided by 13.
12
Let m = 9 + 36. Calculate the remainder when m is divided by 1856/88 + 2/(-22) - 4.
11
Suppose 0 = 7*p - 79 - 663. What is the remainder when p is divided by 28?
22
Suppose -13*b - 9*b = -396. Let l = 432 - 271. Let v = -110 + l. What is the remainder when v is divided by b?
15
Let u(s) = 3*s - 4. Let w be u(-3). Suppose -2*j - 8 = -2*p, -2*j + 4*j = -2*p - 24. Let o = j - w. Calculate the remainder when 18 is divided by o.
3
Suppose 4*o = -5*m + 14 + 74, 0 = -5*o - 5*m + 110. Calculate the remainder when 138 is divided by o.
6
Let s be -3*(-3)/9 + 2 + -12. Let c = s + 29. Calculate the remainder when 77 is divided by c.
17
Let u = 125 - -419. What is the remainder when ((-2)/(-4))/(16/u) is divided by 12?
5
Suppose 0*a + a = 0. Suppose 6*u + 12 = 10*u. Suppose a = i - 4*v - 86, i - u*v - 85 = -0*i. Calculate the remainder when i is divided by 28.
26
Let p = 0 + 34. Suppose -3*l + l + p = 0. Calculate the remainder when 95/3 - 3/(-9) is divided by l.
15
Let m = -13 + 31. Calculate the remainder when 118/(8/2 + -2) is divided by 1 + 2 + m + -1.
19
Suppose -1087 = -12*v + 617. Calculate the remainder when v is divided by 71.
0
Suppose -323 = -4*c - 3*d - 98, 0 = -4*c + 3*d + 255. Calculate the remainder when 410 is divided by c.
50
Let v(q) = -2*q - 21. What is the remainder when 24 is divided by v(-19)?
7
Let d(m) = m - 16. Suppose -4*v = 5*v - 270. What is the remainder when 23 is divided by d(v)?
9
Suppose 0 = -4*s + 120 + 56. Calculate the remainder when 119 is divided by s.
31
Suppose 1191*m - 287 = 1184*m. Calculate the remainder when 172 is divided by m.
8
Let d(n) = n**2 + 16*n - 1. Let h be d(-8). Let p = -28 - h. Suppose 3*f + 13 = 4*f. Calculate the remainder when p is divided by f.
11
Suppose 0 = 5*w + m - 590, 29*w = 30*w + 5*m - 118. Calculate the remainder when w is divided by 11.
8
Suppose 3*g = 4*i + 10, -3*i = -g + 4*g - 3. Suppose 24 = -g*v + 3*v. Let f = v + -2. Calculate the remainder when 63 is divided by f.
19
Let t(m) = -14*m - 71. Let h(i) = 5*i + 24. Let l(n) = -17*h(n) - 6*t(n). Calculate the remainder when 45 is divided by l(6).
9
Let g = -17 - -37. Let k(n) = -n**3 + 8*n**2 + 7*n - 19. What is the remainder when k(8) is divided by g?
17
Suppose -2*q + 12 = -14. Calculate the remainder when 2109/(-30)*-2 - 4/(-10) is divided by q.
11
What is the remainder when 112 is divided by 585/10 + 9/(-6) + 1?
54
Let c(f) = -f**2 - 8*f + 8. Let z be 2/(-4) - (-637)/(-14). Let a = z + 39. What is the remainder when 29 is divided by c(a)?
14
Let f be -8*2/8*6. Let i be f/(-8)*(-4)/6. Calculate the remainder when 26 is divided by i + 9 + (-1 - -2).
8
Let h = -48 - -46. What is the remainder when (85/(-25))/((-2)/10) is divided by h/7 - (-3)/(84/148)?
2
Let t(q) = -q**2 + 16*q + 89. Let u(c) = -c**3 - 6*c**2 - 3*c + 7. What is the remainder when u(-6) is divided by t(-4)?
7
Suppose 0 = 5*t - 5*p - 595, 5*t + 21 = -5*p + 586. Calculate the remainder when t is divided by 20.
16
Let b = 90 - 17. Let r = b + -42. What is the remainder when r is divided by 8?
7
Let k = -84 - -66. What is the remainder when 2/4 - 441/k is divided by 8?
1
Let r(v) = v**3 + 15*v**2 - 11*v + 46. Let n be r(-14). Calculate the remainder when 51 is divided by (1 - 15)*(n/(-42) + 8).
11
Suppose 6*l = 4*l + 176. Let n = 139 + -94. What is the remainder when l is divided by n?
43
Suppose y - 3 + 2 = 0. What is the remainder when 82 is divided by y - (1 - 15) - (-2 - 0)?
14
Let y(d) = 2*d**2 - 32*d + 7. Let p(r) = 3*r + 16. Let w be p(0). Calculate the remainder when 20 is divided by y(w).
6
Suppose 0 = 2*m + 3*w + 75, 2*w - 26 = m + 1. Let v = m - -55. Calculate the remainder when v is divided by 9.
4
Suppose -11*p + 6*p - 3*o = -174, -72 = -2*p - 2*o. What is the remainder when 62 is divided by p?
29
Suppose 8*v - 470 = 1306. Calculate the remainder when v is divided by 21.
12
Let u(f) = -f - 8. Let o be u(-13). Suppose -o*b - 15 = 0, -5*b - 88 = -l + 1. Calculate the remainder when l is divided by 19.
17
Let v(x) be the first derivative of 5/2*x**2 + 9 - 27*x. What is the remainder when 10 is divided by v(6)?
1
Suppose 468 = -15*b + 28*b. What is the remainder when b is divided by 20?
16
Let b = 367 - 334. What is the remainder when 2 + -2 + (-163)/(-1) is divided by b?
31
Suppose -145 - 258 = -i - 3*g, 0 = -3*i + 4*g + 1261. Calculate the remainder when i is divided by 42.
37
Suppose -5*m + 4*s = -11 - 6, -3*m + 4*s = -15. Let x = m - -19. What is the remainder when 39 is divided by x?
19
Let m(h) be the third derivative of -h**4/6 + 35*h**3/6 + 28*h**2. What is the remainder when 30 is divided by m(6)?
8
Let f = 750 + -74